{"id":106,"date":"2018-09-03T08:47:38","date_gmt":"2018-09-03T06:47:38","guid":{"rendered":"https:\/\/demo.themegrill.com\/zakra-drone\/?page_id=106"},"modified":"2021-08-04T21:24:55","modified_gmt":"2021-08-04T19:24:55","slug":"o-airpix","status":"publish","type":"page","link":"http:\/\/airpix.pl\/index.php\/o-airpix\/","title":{"rendered":"O AIRPIX"},"content":{"rendered":"\t\t<div data-elementor-type=\"wp-post\" data-elementor-id=\"106\" class=\"elementor elementor-106\">\n\t\t\t\t\t\t<section class=\"elementor-section elementor-top-section elementor-element elementor-element-3cf798b1 elementor-section-boxed elementor-section-height-default elementor-section-height-default\" data-id=\"3cf798b1\" data-element_type=\"section\">\n\t\t\t\t\t\t<div class=\"elementor-container elementor-column-gap-no\">\n\t\t\t\t\t<div class=\"elementor-column elementor-col-16 elementor-top-column elementor-element elementor-element-4238ff51\" data-id=\"4238ff51\" data-element_type=\"column\">\n\t\t\t<div class=\"elementor-widget-wrap\">\n\t\t\t\t\t\t\t<\/div>\n\t\t<\/div>\n\t\t\t\t<div class=\"elementor-column elementor-col-66 elementor-top-column elementor-element elementor-element-5ecab37\" data-id=\"5ecab37\" data-element_type=\"column\">\n\t\t\t<div class=\"elementor-widget-wrap elementor-element-populated\">\n\t\t\t\t\t\t<div class=\"elementor-element elementor-element-f5b20f3 elementor-widget elementor-widget-heading\" data-id=\"f5b20f3\" data-element_type=\"widget\" data-widget_type=\"heading.default\">\n\t\t\t\t<div class=\"elementor-widget-container\">\n\t\t\t\t\t<h2 class=\"elementor-heading-title elementor-size-default\">AIRPIX Toru\u0144<\/h2>\t\t\t\t<\/div>\n\t\t\t\t<\/div>\n\t\t\t\t<div class=\"elementor-element elementor-element-ce9d93b elementor-widget elementor-widget-text-editor\" data-id=\"ce9d93b\" data-element_type=\"widget\" data-widget_type=\"text-editor.default\">\n\t\t\t\t<div class=\"elementor-widget-container\">\n\t\t\t\t\t\t\t\t\t<h4><strong>&#8222;Sky is the limit&#8221;<\/strong><\/h4><p align=\"justify\">Do\u015bwiadczenie zebrane podczas lot\u00f3w o\u015bmioma rodzajami dron\u00f3w i setki godzin w powietrzu. Zdj\u0119cia i filmy z drona wykonywane s\u0105 przez licencjonowanego operatora posiadaj\u0105cego \u015bwiadectwo kwalifikacji personelu lotniczego UAVO wydane wed\u0142ug wymaga\u0144 polskich przepis\u00f3w przez Urz\u0105d Lotnictwa Cywilnego &#8211; ULC.<\/p><p><img fetchpriority=\"high\" decoding=\"async\" class=\"alignnone size-medium wp-image-483\" src=\"http:\/\/airpix.pl\/wp-content\/uploads\/2019\/08\/swiadectwo-216x300.jpg\" alt=\"\" width=\"216\" height=\"300\" srcset=\"http:\/\/airpix.pl\/wp-content\/uploads\/2019\/08\/swiadectwo-216x300.jpg 216w, http:\/\/airpix.pl\/wp-content\/uploads\/2019\/08\/swiadectwo.jpg 575w\" sizes=\"(max-width: 216px) 100vw, 216px\" \/><\/p><p align=\"left\">\u00a9 AIRPIX. All rights reserwed.<br \/>Wykorzystanie materia\u0142\u00f3w i ich element\u00f3w w mediach i dokumentach wymaga zgody AIRPIX. W celu ustalenia warunk\u00f3w prosz\u0119 o kontakt.<\/p>\t\t\t\t\t\t\t\t<\/div>\n\t\t\t\t<\/div>\n\t\t\t\t\t<\/div>\n\t\t<\/div>\n\t\t\t\t<div class=\"elementor-column elementor-col-16 elementor-top-column elementor-element elementor-element-e8ce1c4\" data-id=\"e8ce1c4\" data-element_type=\"column\">\n\t\t\t<div class=\"elementor-widget-wrap\">\n\t\t\t\t\t\t\t<\/div>\n\t\t<\/div>\n\t\t\t\t\t<\/div>\n\t\t<\/section>\n\t\t\t\t<section class=\"elementor-section elementor-top-section elementor-element elementor-element-37c7bfec elementor-section-stretched elementor-section-boxed elementor-section-height-default elementor-section-height-default\" data-id=\"37c7bfec\" data-element_type=\"section\" data-settings=\"{&quot;stretch_section&quot;:&quot;section-stretched&quot;,&quot;background_background&quot;:&quot;classic&quot;}\">\n\t\t\t\t\t\t<div class=\"elementor-container elementor-column-gap-default\">\n\t\t\t\t\t<div class=\"elementor-column elementor-col-25 elementor-top-column elementor-element elementor-element-323111d3\" data-id=\"323111d3\" data-element_type=\"column\">\n\t\t\t<div class=\"elementor-widget-wrap elementor-element-populated\">\n\t\t\t\t\t\t<div class=\"elementor-element elementor-element-4962b584 elementor-widget elementor-widget-image\" data-id=\"4962b584\" data-element_type=\"widget\" data-widget_type=\"image.default\">\n\t\t\t\t<div class=\"elementor-widget-container\">\n\t\t\t\t\t\t\t\t\t\t\t\t\t\t\t<img decoding=\"async\" width=\"120\" height=\"70\" src=\"http:\/\/airpix.pl\/wp-content\/uploads\/2019\/07\/expert_n.png\" class=\"attachment-full size-full wp-image-379\" alt=\"\" \/>\t\t\t\t\t\t\t\t\t\t\t\t\t\t\t<\/div>\n\t\t\t\t<\/div>\n\t\t\t\t<div class=\"elementor-element elementor-element-7e8473a elementor-widget elementor-widget-heading\" data-id=\"7e8473a\" data-element_type=\"widget\" data-widget_type=\"heading.default\">\n\t\t\t\t<div class=\"elementor-widget-container\">\n\t\t\t\t\t<h4 class=\"elementor-heading-title elementor-size-default\">Foto Drone Expert<\/h4>\t\t\t\t<\/div>\n\t\t\t\t<\/div>\n\t\t\t\t<div class=\"elementor-element elementor-element-13b187f5 elementor-widget elementor-widget-text-editor\" data-id=\"13b187f5\" data-element_type=\"widget\" data-widget_type=\"text-editor.default\">\n\t\t\t\t<div class=\"elementor-widget-container\">\n\t\t\t\t\t\t\t\t\t<p>Doskona\u0142a jako\u015b\u0107 zdj\u0119\u0107, Super Resolution 48 Mpix, rozdzielczo\u015b\u0107 8000\u00d76000. Zoom optyczny 24-48 mm. Zachowanie oryginalnego wygl\u0105du fotografowanych obiekt\u00f3w z najmniejszymi detalami.<\/p>\t\t\t\t\t\t\t\t<\/div>\n\t\t\t\t<\/div>\n\t\t\t\t\t<\/div>\n\t\t<\/div>\n\t\t\t\t<div class=\"elementor-column elementor-col-25 elementor-top-column elementor-element elementor-element-6b55bf78\" data-id=\"6b55bf78\" data-element_type=\"column\">\n\t\t\t<div class=\"elementor-widget-wrap elementor-element-populated\">\n\t\t\t\t\t\t<div class=\"elementor-element elementor-element-695d43f6 elementor-widget elementor-widget-image\" data-id=\"695d43f6\" data-element_type=\"widget\" data-widget_type=\"image.default\">\n\t\t\t\t<div class=\"elementor-widget-container\">\n\t\t\t\t\t\t\t\t\t\t\t\t\t\t\t<img decoding=\"async\" width=\"120\" height=\"70\" src=\"http:\/\/airpix.pl\/wp-content\/uploads\/2019\/07\/ultra_n.png\" class=\"attachment-full size-full wp-image-381\" alt=\"\" \/>\t\t\t\t\t\t\t\t\t\t\t\t\t\t\t<\/div>\n\t\t\t\t<\/div>\n\t\t\t\t<div class=\"elementor-element elementor-element-50403afa elementor-widget elementor-widget-heading\" data-id=\"50403afa\" data-element_type=\"widget\" data-widget_type=\"heading.default\">\n\t\t\t\t<div class=\"elementor-widget-container\">\n\t\t\t\t\t<h4 class=\"elementor-heading-title elementor-size-default\">Filmy 4K i Full HD<\/h4>\t\t\t\t<\/div>\n\t\t\t\t<\/div>\n\t\t\t\t<div class=\"elementor-element elementor-element-358afbb0 elementor-widget elementor-widget-text-editor\" data-id=\"358afbb0\" data-element_type=\"widget\" data-widget_type=\"text-editor.default\">\n\t\t\t\t<div class=\"elementor-widget-container\">\n\t\t\t\t\t\t\t\t\t<p>Najwy\u017cszej jako\u015bci rozdzielczo\u015b\u0107 4K 30p. 4-krotny, bezstratny zoom wideo Full HD, Dolly Zoom. Innowacyjna technologia 3-osiowej stabilizacji zapewnia p\u0142ynne, stabilne uj\u0119cia w ka\u017cdej sytuacji.<\/p>\t\t\t\t\t\t\t\t<\/div>\n\t\t\t\t<\/div>\n\t\t\t\t\t<\/div>\n\t\t<\/div>\n\t\t\t\t<div class=\"elementor-column elementor-col-25 elementor-top-column elementor-element elementor-element-3418d019\" data-id=\"3418d019\" data-element_type=\"column\">\n\t\t\t<div class=\"elementor-widget-wrap elementor-element-populated\">\n\t\t\t\t\t\t<div class=\"elementor-element elementor-element-27c5a52d elementor-widget elementor-widget-image\" data-id=\"27c5a52d\" data-element_type=\"widget\" data-widget_type=\"image.default\">\n\t\t\t\t<div class=\"elementor-widget-container\">\n\t\t\t\t\t\t\t\t\t\t\t\t\t\t\t<img loading=\"lazy\" decoding=\"async\" width=\"120\" height=\"70\" src=\"http:\/\/airpix.pl\/wp-content\/uploads\/2019\/07\/budget_n.png\" class=\"attachment-full size-full wp-image-378\" alt=\"\" \/>\t\t\t\t\t\t\t\t\t\t\t\t\t\t\t<\/div>\n\t\t\t\t<\/div>\n\t\t\t\t<div class=\"elementor-element elementor-element-1d318e39 elementor-widget elementor-widget-heading\" data-id=\"1d318e39\" data-element_type=\"widget\" data-widget_type=\"heading.default\">\n\t\t\t\t<div class=\"elementor-widget-container\">\n\t\t\t\t\t<h4 class=\"elementor-heading-title elementor-size-default\">Najnowsza technologia<\/h4>\t\t\t\t<\/div>\n\t\t\t\t<\/div>\n\t\t\t\t<div class=\"elementor-element elementor-element-763f45a3 elementor-widget elementor-widget-text-editor\" data-id=\"763f45a3\" data-element_type=\"widget\" data-widget_type=\"text-editor.default\">\n\t\t\t\t<div class=\"elementor-widget-container\">\n\t\t\t\t\t\t\t\t\t<p>Profesjonalna jako\u015b\u0107 obrazu. Kreatywne zdj\u0119cia i filmy oraz panoramy: Sphere 360\u00b0, 180\u00b0, Horizontal i Vertical. Funkcje BURST, TIME LAPSE, umo\u017cliwiaj\u0105ce wykonywanie zdj\u0119\u0107 seryjnych i animacji poklatkowych.\u00a0<\/p>\t\t\t\t\t\t\t\t<\/div>\n\t\t\t\t<\/div>\n\t\t\t\t\t<\/div>\n\t\t<\/div>\n\t\t\t\t<div class=\"elementor-column elementor-col-25 elementor-top-column elementor-element elementor-element-133b1dd2\" data-id=\"133b1dd2\" data-element_type=\"column\">\n\t\t\t<div class=\"elementor-widget-wrap elementor-element-populated\">\n\t\t\t\t\t\t<div class=\"elementor-element elementor-element-3ca8b704 elementor-widget elementor-widget-image\" data-id=\"3ca8b704\" data-element_type=\"widget\" data-widget_type=\"image.default\">\n\t\t\t\t<div class=\"elementor-widget-container\">\n\t\t\t\t\t\t\t\t\t\t\t\t\t\t\t<img loading=\"lazy\" decoding=\"async\" width=\"120\" height=\"70\" src=\"http:\/\/airpix.pl\/wp-content\/uploads\/2019\/07\/speed_n.png\" class=\"attachment-full size-full wp-image-380\" alt=\"\" \/>\t\t\t\t\t\t\t\t\t\t\t\t\t\t\t<\/div>\n\t\t\t\t<\/div>\n\t\t\t\t<div class=\"elementor-element elementor-element-38bbc0e2 elementor-widget elementor-widget-heading\" data-id=\"38bbc0e2\" data-element_type=\"widget\" data-widget_type=\"heading.default\">\n\t\t\t\t<div class=\"elementor-widget-container\">\n\t\t\t\t\t<h4 class=\"elementor-heading-title elementor-size-default\">Wirtualne spacery<\/h4>\t\t\t\t<\/div>\n\t\t\t\t<\/div>\n\t\t\t\t<div class=\"elementor-element elementor-element-115e0f1 elementor-widget elementor-widget-text-editor\" data-id=\"115e0f1\" data-element_type=\"widget\" data-widget_type=\"text-editor.default\">\n\t\t\t\t<div class=\"elementor-widget-container\">\n\t\t\t\t\t\t\t\t\t<p>Powstaj\u0105 ze sferycznych zdj\u0119\u0107 panoramicznych wykonanych z powietrza lub z ziemi. Dzi\u0119ki specjalistycznemu oprogramowaniu z\u0142o\u017cone w jedn\u0105 ca\u0142o\u015b\u0107 umo\u017cliwiaj\u0105 ogl\u0105danie sfotografowanych miejsc.<\/p>\t\t\t\t\t\t\t\t<\/div>\n\t\t\t\t<\/div>\n\t\t\t\t\t<\/div>\n\t\t<\/div>\n\t\t\t\t\t<\/div>\n\t\t<\/section>\n\t\t\t\t<\/div>\n\t\t","protected":false},"excerpt":{"rendered":"<p>AIRPIX Toru\u0144 &#8222;Sky is the limit&#8221; Do\u015bwiadczenie zebrane podczas lot\u00f3w o\u015bmioma rodzajami dron\u00f3w i setki godzin w powietrzu. Zdj\u0119cia i filmy z drona wykonywane s\u0105 przez licencjonowanego operatora posiadaj\u0105cego \u015bwiadectwo kwalifikacji personelu lotniczego UAVO wydane wed\u0142ug wymaga\u0144 polskich przepis\u00f3w przez Urz\u0105d Lotnictwa Cywilnego &#8211; ULC. \u00a9 AIRPIX. All rights reserwed.Wykorzystanie materia\u0142\u00f3w i ich element\u00f3w w [&hellip;]<\/p>\n","protected":false},"author":1,"featured_media":0,"parent":0,"menu_order":0,"comment_status":"closed","ping_status":"closed","template":"elementor_header_footer","meta":{"zakra_sidebar_layout":"customizer","zakra_remove_content_margin":false,"zakra_sidebar":"customizer","zakra_transparent_header":"0","zakra_logo":0,"zakra_main_header_style":"default","zakra_menu_item_color":"","zakra_menu_item_hover_color":"","zakra_menu_item_active_color":"","zakra_menu_active_style":"","zakra_page_header":true,"footnotes":""},"class_list":["post-106","page","type-page","status-publish","hentry"],"_links":{"self":[{"href":"http:\/\/airpix.pl\/index.php\/wp-json\/wp\/v2\/pages\/106","targetHints":{"allow":["GET"]}}],"collection":[{"href":"http:\/\/airpix.pl\/index.php\/wp-json\/wp\/v2\/pages"}],"about":[{"href":"http:\/\/airpix.pl\/index.php\/wp-json\/wp\/v2\/types\/page"}],"author":[{"embeddable":true,"href":"http:\/\/airpix.pl\/index.php\/wp-json\/wp\/v2\/users\/1"}],"replies":[{"embeddable":true,"href":"http:\/\/airpix.pl\/index.php\/wp-json\/wp\/v2\/comments?post=106"}],"version-history":[{"count":49,"href":"http:\/\/airpix.pl\/index.php\/wp-json\/wp\/v2\/pages\/106\/revisions"}],"predecessor-version":[{"id":1032,"href":"http:\/\/airpix.pl\/index.php\/wp-json\/wp\/v2\/pages\/106\/revisions\/1032"}],"wp:attachment":[{"href":"http:\/\/airpix.pl\/index.php\/wp-json\/wp\/v2\/media?parent=106"}],"curies":[{"name":"wp","href":"https:\/\/api.w.org\/{rel}","templated":true}]}}